of h and 11.
11
Suppose b - 2 - 6 = -2*x, x - 2 = -b. Suppose 3*k - 8*k + 270 = 0. What is the highest common factor of x and k?
6
Suppose 39 = -3*m + 4*r + 224, 2*r + 10 = 0. Suppose 0 = 7*v + 64 - 218. What is the highest common factor of v and m?
11
Let o be (-1)/3*-4*33/2. What is the greatest common factor of 110 and o?
22
Let s be (-6)/(-8) - (-8)/(128/180). Calculate the greatest common factor of 12 and s.
12
Suppose -4*t + 540 - 160 = 0. Suppose -a + 6*a = t. What is the greatest common factor of a and 57?
19
Suppose -16*t + 42 = -86. Suppose -5*v + 77 = -23. What is the greatest common divisor of t and v?
4
Suppose 3*x - 8*x = -5. Let q be 1*(-2)/x + 15. Calculate the highest common factor of 65 and q.
13
Suppose -3*m - m = 0. Suppose m = 2*d - d - 136. Calculate the highest common factor of d and 17.
17
Let k(x) = x**2 - 9*x + 11. Let a be k(8). Suppose -t + a = -7. Let m(y) = -3*y + 13. Let p be m(-9). Calculate the greatest common divisor of t and p.
10
Suppose -2*q - 4 = 20. Let j be 10*(-4)/(q/15). Calculate the highest common factor of 20 and j.
10
Let w(n) = -n**2 + 6*n - 2. Let q be w(3). Suppose q*k - d - 358 = 2*k, -3*d = -3*k + 210. What is the highest common factor of 48 and k?
24
Suppose 22 = 3*k + 4*i, 6*i - i - 20 = -3*k. Calculate the highest common factor of 50 and k.
10
Let o = 48 - 26. Let t be ((-132)/15 - 0)/((-26)/455). What is the highest common divisor of t and o?
22
Let s be 1/(70/(-25) - -3). Let u(d) = 4*d + 2*d - 4*d. Let m be u(s). What is the highest common factor of m and 2?
2
Suppose -w + 46 = -2*f - 4*w, 2*w + 76 = -4*f. Let z be (1 - f)/(-14 + 16). Calculate the highest common factor of z and 72.
9
Suppose -36 = -4*p - 16. Suppose 1 = p*h - 14. Calculate the highest common divisor of 27 and h.
3
Let u = -129 - -264. What is the greatest common factor of 15 and u?
15
Suppose 0 = -a + 5*a - 16. Suppose -a*x = -2*x - 3*i - 5, 2*x - i - 11 = 0. What is the greatest common divisor of 1 and x?
1
Let r = 146 - 18. Calculate the greatest common divisor of 8 and r.
8
Suppose -3*v + 0*v - 4*m = -15, 4*v - 2*m = -2. Calculate the greatest common divisor of v and 5.
1
Let z be (-6 + 3)*(-19 - (-9)/(-3)). Let v(b) = 5*b**3 + b**2. Let g be 6/4*(-2)/(-3). Let q be v(g). What is the highest common divisor of q and z?
6
Suppose 2*b + 2*b = 140. Suppose -46 = -3*v + b. Let u be 164/9 + (-6)/v. What is the greatest common divisor of u and 3?
3
Let u = -3 - -6. Suppose 8*o - u*o - 50 = 0. What is the greatest common factor of o and 15?
5
Suppose 0 = -4*z + 6 + 6. Suppose 27 = 5*k - z. Let t be 128/22 + (-34)/(-187). What is the highest common divisor of t and k?
6
Let y(w) = -2*w - 7. Let j be y(-5). Let o(l) = -4*l - 8. Let f be o(7). Let r = f - -51. What is the greatest common divisor of j and r?
3
Let z = 437 - 277. Calculate the greatest common divisor of 8 and z.
8
Let n(b) = -2*b - 1. Let k be n(-2). Let f = -2 + k. What is the highest common divisor of 5 and f?
1
Let t(d) be the third derivative of d**4/8 - d**3/3 + 6*d**2. Let k be 2/(-3)*-12 + -2. Let b be t(k). What is the highest common factor of b and 40?
8
Suppose 79 = 4*k + 23. What is the greatest common divisor of k and 2?
2
Let j(w) = -w + 6. Let a be (2 - 0) + -1*2. Let t be j(a). Calculate the highest common factor of 6 and t.
6
Suppose 2*k + 1 = -3*w + 18, -k = -4*w + 8. Let g be (-6)/9*w + -20. Let i be 75/(-3)*g/5. Calculate the greatest common divisor of i and 11.
11
Suppose 4*b - 38 - 106 = 0. Suppose -29 = -3*k + 7. What is the highest common divisor of k and b?
12
Let w(g) = -17*g - 39. Let c be w(-12). What is the highest common divisor of c and 66?
33
Let w(z) = 2*z**2 + 4*z + 3. Let j be w(-2). Let m = -7 - -12. Let y(s) = s - 2. Let x be y(m). What is the highest common divisor of j and x?
3
Suppose -3*q = 4*x - 771, 4*q - 4*x - 1056 = -0*x. What is the highest common factor of 29 and q?
29
Suppose 5*c - 1369 = -489. What is the greatest common divisor of c and 16?
16
Let b be (-2)/(-1*8/76). What is the greatest common divisor of b and 38?
19
Let c be (4/(-6))/(18/(-405)). What is the greatest common divisor of c and 165?
15
Suppose -4*h + 5 + 23 = 0. Let t(s) = 2*s + 4. Let o(a) = a - 1. Let q(y) = -3*o(y) + t(y). Let l be q(-7). What is the highest common factor of l and h?
7
Suppose -2*c - 48 = -4*c. Suppose g - c = -0*g. Let r be (-3)/(2 + 1)*-3. What is the highest common factor of g and r?
3
Suppose 2*y - 6 + 8 = 0. Let n be y*(-16)/(6/3). Calculate the greatest common divisor of 16 and n.
8
Let i = 7 + -4. Let r = 82 + -80. Calculate the highest common divisor of r and i.
1
Suppose 5*o - o - 86 = -2*y, 88 = 2*y + 5*o. What is the highest common divisor of 195 and y?
39
Let c = 54 - -67. Let g be ((-44)/(-8))/((-1)/(-2)). Suppose g = o - 0*o. Calculate the greatest common divisor of c and o.
11
Suppose 49 = -7*p + 490. What is the highest common factor of 9 and p?
9
Let j(k) = k + 49. Let g be j(-20). What is the highest common factor of g and 145?
29
Let u(a) = a**3 - 12*a**2 + 13*a - 10. Let g be u(11). Calculate the highest common factor of g and 36.
12
Let c(z) = -1 - 3 - z - 2. Let f be c(-7). What is the greatest common divisor of 11 and f?
1
Suppose 2*f - 7 = -3*l + 28, -2*l + 2*f + 30 = 0. What is the highest common divisor of l and 143?
13
Let b = 59 + -41. Calculate the greatest common factor of b and 9.
9
Let r(a) = -2*a + 6. Let i(q) = 2*q - 7. Let x(j) = 5*i(j) + 6*r(j). Let t be x(-7). What is the greatest common factor of t and 135?
15
Let c(g) = 3*g**2 - 3*g + 3. Let z be c(2). Suppose -14*n + 1024 = 16. What is the greatest common divisor of z and n?
9
Suppose 9 = 2*n + n. Suppose -7*v + n*v = -80. Suppose -2*o - 19 = 3*t - 47, 0 = -3*o + 4*t + 8. Calculate the highest common divisor of o and v.
4
Let b(x) = -11*x + 7. Let r be b(-3). What is the highest common divisor of 16 and r?
8
Let u(p) = -p. Let h be u(-2). Let a(o) be the third derivative of 11*o**5/30 - 6*o**2. Let i be a(h). What is the greatest common factor of 11 and i?
11
Let n be 0 - ((1 - -1) + -11). Let k be (6/n - 0)*18. Calculate the greatest common factor of k and 36.
12
Suppose -2*c + c + 72 = 0. Calculate the greatest common divisor of 9 and c.
9
Let y(a) = -a**3 - 4*a**2 - 7*a - 8. Let k be y(-4). What is the highest common divisor of k and 4?
4
Let d(p) = p**2 - 3*p + 2. Let u be d(-3). Suppose -4*m + a + 23 = -2*m, m = 2*a + 4. Let s = m + 16. Calculate the greatest common divisor of s and u.
10
Let b(i) = -i**2 - 16*i + 2. Suppose -z + 2*z + 8 = 0. Let h be b(z). What is the highest common factor of h and 6?
6
Suppose -4*o - 4*k - 8 = 0, 0 = -2*k - 3*k - 25. Let v = 13 - 65. Let s = o - v. Calculate the greatest common factor of 11 and s.
11
Let h(y) = 2*y**2 - 2*y - 9. Let q be h(4). What is the greatest common divisor of q and 60?
15
Let n = -16 - -10. Let j be (8*1)/(n/(-9)). Let m(p) = p**3 + 12*p**2 + 13*p + 14. Let q be m(-10). Calculate the highest common divisor of q and j.
12
Suppose f - 4*b = -62 + 157, 2 = 2*b. Let r be 3 + (-1*39)/3. Let j = 19 + r. What is the greatest common factor of j and f?
9
Let b(s) = s**2 - s - 2. Suppose 2*m = -m. Suppose 0 = 4*j - 3*j + 3*l, m = -l - 1. Let h be b(j). What is the greatest common factor of 16 and h?
4
Suppose 3*j + 13 - 79 = 0. What is the greatest common divisor of 11 and j?
11
Suppose 3*z = 6*z - 54. Calculate the highest common divisor of 9 and z.
9
Let j be 1 + (0 - (2 - 107)). Let r = 58 - j. Let s be (-2)/(-3) + r/(-9). Calculate the greatest common factor of s and 2.
2
Suppose 2 = -t + 5. Suppose 5*p + t*l = 666, 4*p + p = -l + 662. What is the greatest common divisor of 12 and p?
12
Let z(r) = -14*r - 29. Let j(p) = -7*p - 14. Let w(u) = -7*j(u) + 3*z(u). Let g be w(5). Calculate the greatest common factor of 69 and g.
23
Let j = 117 + -89. Calculate the highest common factor of j and 182.
14
Suppose 2*p + 5*f = 3*f + 360, -4*p - 5*f = -720. Calculate the highest common divisor of p and 72.
36
Let k be -4*(1/(-2) - -1). Let r(n) = 0 - 6*n + 1 - 2. Let y be r(k). Calculate the highest common factor of 55 and y.
11
Let c(v) be the first derivative of v**3/3 - 2*v**2 + 4*v - 4. Let a be c(3). What is the highest common divisor of 2 and a?
1
Suppose -5*s = 4*n + 8, 4*s + 8 = -0*